{"id":121,"date":"2012-07-15T16:10:23","date_gmt":"2012-07-15T14:10:23","guid":{"rendered":"http:\/\/www.ec-djk-aigen.de\/?page_id=121"},"modified":"2024-06-17T17:07:05","modified_gmt":"2024-06-17T15:07:05","slug":"home","status":"publish","type":"page","link":"https:\/\/www.ec-djk-aigen.de\/?page_id=121","title":{"rendered":"\u00dcber uns"},"content":{"rendered":"<p style=\"text-align: center;\"><strong>Eine kleine Erfolgsgeschichte<img loading=\"lazy\" decoding=\"async\" class=\" wp-image-65 alignright\" src=\"https:\/\/www.ec-djk-aigen.de\/wp-content\/uploads\/2012\/07\/LEONH3-150x1501-e1615307417617.jpg\" alt=\"\" width=\"278\" height=\"278\" \/><\/strong><\/p>\n<p style=\"text-align: left;\"><strong>Der EC-DJK Aigen a. Inn<\/strong> ist einer von 16 Ortsvereinen des bekannten <strong>Leonhardi-Wallfahrtsortes Aigen a. Inn<\/strong> mit ca. 900 Einwohnern, der seit 1972 zur <strong>Gemeinde Bad F\u00fcssing,\u00a0<\/strong> Europas gr\u00f6\u00dftem Thermen-Kurort <strong>im Landkreis Passau <\/strong>geh\u00f6rt. Wir sind ein reiner M\u00e4nnerverein, der sich dem Stockschiessen widmet, einer Sportart, die bevorzugt in den Alpenl\u00e4ndern heimisch ist. Urspr\u00fcnglich eine reine Wintersporttart, die bei uns traditionell auf den Inn-Altw\u00e4ssern bzw. in sehr strengen Wintern auch auf dem Innstausee gepflegt wurde, wird zwischenzeitlich der Sport ganzj\u00e4hrig in 2 Saisonen durchgef\u00fchrt: Auf <strong>Eis<\/strong> und auf <strong> Sommerbahnen<\/strong> mit unterschiedlichen Bel\u00e4gen. Seit <strong>Gr\u00fcndung unseres Vereins<\/strong> im Jahr <strong>1985<\/strong> beteiligen wir uns mit mehreren Mannschaften an Meisterschaftsturnieren in unterschiedlichen Klassen, seit 2008 bis hinauf in die <strong>Bundesliga<\/strong>, in der die Qualifikation zur Deutschen Meisterschaft mehrfach erreicht wurde. Sportliche H\u00f6hepunkte bisher sind der <strong>Gewinn der Deutschen\u00a0 Meisterschaft 2010 <\/strong>als sch\u00f6nstes Geschenk zum 25-j\u00e4hrigen Bestehen des Vereins und der <strong>Gewinn des Deuschland-Pokals 2011<\/strong>, jeweils auf Sommerbahnen. Unser gesellschaftlicher Mittelpunkt ist die <strong>Stockschie\u00dfhalle\u00a0 mit\u00a0 dem Vereinsheim<\/strong> (<strong>&#8222;Stockh\u00e4usl&#8220;<\/strong>), die 1991 eingeweiht wurde. Im Jahr 2013 wurde der Asphaltbelag bei vorbildlichem Arbeitseinsatz der Mitglieder entfernt und durch einen Pflasterbelag ersetzt.\u00a0 Sportlich ist aus unserer &#8222;kleinen Erfolgsgeschichte&#8220; eine etwas &#8222;gr\u00f6\u00dfere Erfolgsgeschichte&#8220; geworden, da unsere 1. Mannschaft in der Saison 2013-2014 auf Eis <strong>Bundesliga-Meister\u00a0<\/strong> wurde und schlie\u00dflich den <strong>Deutschen Meister-Titel<\/strong> holte.<\/p>\n<p>PS: Die Bundesliga- sowohl im Winter auf Eis als auch im Sommer auf anderen Bel\u00e4gen- ist immer noch unsere sportliche Heimat.<\/p>\n<p style=\"text-align: justify;\"><strong>\u00a0<\/strong><\/p>\n","protected":false},"excerpt":{"rendered":"<p>Eine kleine Erfolgsgeschichte Der EC-DJK Aigen a. Inn ist einer von 16 Ortsvereinen des bekannten Leonhardi-Wallfahrtsortes Aigen a. Inn mit ca. 900 Einwohnern, der seit 1972 zur Gemeinde Bad F\u00fcssing,\u00a0 Europas gr\u00f6\u00dftem Thermen-Kurort im Landkreis Passau geh\u00f6rt. Wir sind ein [&hellip;] <a class=\"more-link\" href=\"https:\/\/www.ec-djk-aigen.de\/?page_id=121\">Kompletten Beitrag lesen&#8230;<\/a><\/p>\n","protected":false},"author":2,"featured_media":0,"parent":0,"menu_order":0,"comment_status":"closed","ping_status":"closed","template":"","meta":{"footnotes":""},"class_list":["post-121","page","type-page","status-publish","hentry","uentry","postonpage-1","odd","post-author-heinz"],"_links":{"self":[{"href":"https:\/\/www.ec-djk-aigen.de\/index.php?rest_route=\/wp\/v2\/pages\/121","targetHints":{"allow":["GET"]}}],"collection":[{"href":"https:\/\/www.ec-djk-aigen.de\/index.php?rest_route=\/wp\/v2\/pages"}],"about":[{"href":"https:\/\/www.ec-djk-aigen.de\/index.php?rest_route=\/wp\/v2\/types\/page"}],"author":[{"embeddable":true,"href":"https:\/\/www.ec-djk-aigen.de\/index.php?rest_route=\/wp\/v2\/users\/2"}],"replies":[{"embeddable":true,"href":"https:\/\/www.ec-djk-aigen.de\/index.php?rest_route=%2Fwp%2Fv2%2Fcomments&post=121"}],"version-history":[{"count":135,"href":"https:\/\/www.ec-djk-aigen.de\/index.php?rest_route=\/wp\/v2\/pages\/121\/revisions"}],"predecessor-version":[{"id":5885,"href":"https:\/\/www.ec-djk-aigen.de\/index.php?rest_route=\/wp\/v2\/pages\/121\/revisions\/5885"}],"wp:attachment":[{"href":"https:\/\/www.ec-djk-aigen.de\/index.php?rest_route=%2Fwp%2Fv2%2Fmedia&parent=121"}],"curies":[{"name":"wp","href":"https:\/\/api.w.org\/{rel}","templated":true}]}}